Let v(i) = -1. Let s(l) = -2*l - 8. Let q(z) = -s(z) - 2*v(z). Give q(-9).
-8
Suppose q = -g + 8, 4 = -5*q + 3*q + 3*g. Let x = q + -1. Let i(n) = -n**3 + 2*n**2 + 2. Determine i(x).
-7
Let v(t) = 2*t - 6. Let s be v(4). Suppose -h + p = 0, s*h + 4*p = 4*h. Let g(y) = -3 + 1 - y - 3 + h. Determine g(-5).
0
Let m = 206 - 92. Let k be 2/(-7) + m/(-42). Let j(v) = -v**2 + 4. What is j(k)?
-5
Let f(x) = x**2 - 17*x + 24. Let n be f(15). Let b(r) = r**2 + 8*r + 7. Determine b(n).
-5
Let a(b) = 1 + b**2 + 2*b**2 + 2*b + 2*b**2. What is a(-1)?
4
Let z(i) be the second derivative of -i**3/6 - i**2/2 + i. Let j = 15 + -11. Suppose -j*t + 5*t + 2 = 0. Give z(t).
1
Let j(w) = 14 + 7*w - 4*w - 17. Give j(2).
3
Let t(r) = r - 1. Let m be (2/2 - 0) + -4. Determine t(m).
-4
Let i(t) = -t**3 - 5*t**2 + 3*t - 7. Suppose -4*g - 28 = 4*n, -2*n = 5*g + 25 + 7. Give i(g).
11
Let j(v) be the third derivative of -v**5/120 - v**4/12 + 2*v**3/3 - v**2. Let t(a) be the first derivative of j(a). Give t(-1).
-1
Let f(m) be the third derivative of -m**5/60 + m**4/4 - m**3/6 + 7*m**2. Give f(5).
4
Let m(x) = 2*x**2 + 3*x - 2. Let k(c) = 1 - 2 - 2 + 2*c**2 + 2*c + c**2. Let s(a) = -3*k(a) + 4*m(a). What is s(5)?
6
Let d(k) be the second derivative of k**3/6 + k**2 - 13*k. What is d(0)?
2
Let c = 23 + -32. Let n = c - -13. Let p(h) = 0*h - h - 3 - n. Determine p(-3).
-4
Suppose 0 = 2*l + 4*x + 6, 5*l + 5*x = x + 9. Suppose 2*d + 5 - 13 = 0. Suppose 0 = d*t + t + 5, -l*w + 5*t + 20 = 0. Let r(g) = -g**2 + 2*g - 2. What is r(w)?
-5
Let d = 15 + -23. Let f = d + 3. Let h(y) = -y**3 - 6*y**2 - 5*y + 5. Determine h(f).
5
Let t(o) = o**2 - o - 1. Let s(k) = -k**3 - 5*k**2 - k - 2. Let z be s(-5). Suppose 8*a - z = 13. Determine t(a).
1
Let w be 18/(-45) - ((-56)/(-5))/2. Let p(v) = 0*v**2 - 6*v + 3 + 2 - v**2. Calculate p(w).
5
Let j(z) = 10*z**3 - 2*z**2 + 2*z - 1. Suppose 2*w + 0*t + 3 = t, -5*t = -4*w - 21. Give j(w).
9
Let v be (-4)/(-4) + 2/(-2). Let h(p) = v - 6 + 0*p + 2*p. Calculate h(6).
6
Let x(j) = -2*j - 6. Let p = 8 + -4. Suppose 12 = -6*r + p*r. Calculate x(r).
6
Suppose -2*b + 25 = 3*b. Let p(c) = 2*c - 1. What is p(b)?
9
Let i(w) = w**3 + 6*w**2 + 6*w - 3. Let m = 19 - 24. Give i(m).
-8
Let s(d) = -d**3 - 6*d**2 - 5*d + 4. Let c = 0 + 2. Suppose c*k + k = 0. Let l be k + -2 - (0 - -3). Give s(l).
4
Let c(y) = y + 11. Let x be (-4)/6 - (-44)/(-6). Determine c(x).
3
Let g(z) be the second derivative of 2*z**3/3 - 5*z**2/2 - 51*z. Calculate g(4).
11
Suppose -2*y + 4 = 3*z - 1, -5*z - y + 6 = 0. Let x(j) = -3*j**2 - j + 1. What is x(z)?
-3
Let t(h) = h**2 + 10*h + 7. Let m(b) = b**2 + 6*b - 1. Let g be m(-4). What is t(g)?
-2
Let k(m) = -m + 1. Suppose -r - 1 = -3*o, 8*r + 20 = 3*r. Determine k(o).
2
Let v(m) = 2 + 3*m**3 + 2*m**2 - 2*m**3 + 3*m - m. Suppose 2 - 4 = 2*n + b, 4*n + 6 = -b. Calculate v(n).
-2
Let w(r) = -r**3 - 3*r**2 + r - 3. Let z(u) = -u**3 + 3*u + 2. Let h be z(-2). Suppose 0 = -5*y - 3*p, h*y + y - 30 = 3*p. Let k be 3/(3/(-1*y)). What is w(k)?
-6
Let u be 4/(-12)*(-36)/3. Suppose -c + 10 = u*c. Let r(y) = y - y**2 - 3 + y**c - y**2 - 3. Give r(0).
-6
Let i = -24 + 45. Suppose g + 4*h + 3 = 2*g, 3*g + 3*h + i = 0. Let y(q) = q + 2. What is y(g)?
-3
Let u be ((-2)/(-3))/((-4)/(-246)). Suppose -2*i - 16 = 2*n, -7*i - 4*n = -2*i + u. Let x = -5 - i. Let f(s) = s**3 - 5*s**2 + 4*s - 6. Determine f(x).
-6
Suppose 0 = -0*d + 5*d - 20. Suppose 2*r + d = -4. Let n(v) = -3*v - 5. Determine n(r).
7
Let p(l) = 11*l - 1. Let m(g) = -23*g + 2. Let k(x) = 4*m(x) + 7*p(x). What is k(1)?
-14
Let a be 2 + (0 - (0 + -3)). Suppose 15 - a = -2*k, -2*i - 4*k = 20. Let c(u) = u**3 - u**2 + u + 4. Determine c(i).
4
Let c(k) = 0*k**3 - 2*k**2 + 2 - 3 - 5*k**3 + 4*k**3 - 2*k. Let n = -1 - -2. Suppose 0*z - z - n = 0. Calculate c(z).
0
Let o(x) be the second derivative of x**6/720 - 7*x**5/120 - x**4/4 - 5*x. Let b(k) be the third derivative of o(k). Determine b(6).
-1
Let j(k) = 6*k**2 - 4*k - 1 - k**3 + 3 - 2*k. Let t be 2/(-1)*10/(-4). What is j(t)?
-3
Let s(q) = -9*q. Let b be (6/(-3))/(-1) + 2. Suppose 5*y + 3*g + 7 = 0, -y - b*g - 17 = -2*y. Calculate s(y).
-9
Let s(q) = -q**2 - 4*q - 1. Let y be s(-3). Let x = y - -1. Let o be (-6)/x*10/4. Let b(h) = -h**3 - 4*h**2 + 6*h. What is b(o)?
-5
Let m(y) = y**2 - 3*y - 12. Let b be m(5). Let i(c) = c**3 + 4*c**2 + 3*c. Give i(b).
2
Let d = -4 + 4. Let r(p) be the first derivative of p**4/4 - p**2/2 - 4*p + 2. What is r(d)?
-4
Let m(o) = -o**2 + 4. Let a(c) = -3*c - 13. Let h be a(-6). Suppose -h*z = 5*j, -3*j - 6*z = -2*z - 3. Calculate m(j).
-5
Let s(y) = -6*y - 2*y**2 + 3 - 7 + 4. What is s(-4)?
-8
Let r(l) = -l**3 + 11*l**2 + 14*l - 24. Let u be r(12). Let g(d) = -d**2 - 2. Give g(u).
-2
Let s(g) be the third derivative of 3*g**4/8 + g**3/6 + 7*g**2. Calculate s(1).
10
Let k(t) be the second derivative of 1/2*t**4 - 5/2*t**2 - 4*t - 5/6*t**3 + 0 - 1/20*t**5. Calculate k(5).
-5
Let t(x) = 11*x**2 + x + 1. Let i be (58/87)/((-2)/3). Calculate t(i).
11
Let q(l) = 15*l - 43*l + 11*l + 18*l. What is q(-4)?
-4
Let m(j) = -6*j + 1. Let x(d) = -d**2 + 4*d - 1. Let u be x(3). Suppose -20 = u*t - 7*t. Suppose t = 4*a - 0. Calculate m(a).
-5
Let x = -4 - -3. Let o(k) = -k**3 + k**2 + k - 1. Let d(q) = 4*q**3 - 2*q + 1. Let a(v) = -d(v) - 2*o(v). Determine a(x).
1
Let y(w) = w**3 + 3*w**2 - 1. Suppose 10 = 3*d + 5*r - r, d - 10 = -3*r. Calculate y(d).
3
Suppose h + 58 = -2*v, h + 0*h - 77 = 3*v. Let m(u) = u**2 - u + 3. Let x be m(3). Let r be (6/x)/(3/v). Let c(f) = f + 4. Calculate c(r).
-2
Let o(a) = -a + 2. Let x be o(2). Suppose x = -4*k + 2*k. Let v(b) = 2 - 9 + 0*b**2 + b**2. Give v(k).
-7
Let o(u) = -u**3 + 3*u**2 - 9*u. Let l(h) = -3*h**3 + 10*h**2 - 26*h - 2. Let x(r) = 4*l(r) - 11*o(r). Let p(q) = q**2 - 3*q + 2. Let f be p(4). Calculate x(f).
-2
Let i(r) = -7*r - 1. Let l(q) = -8*q - 2. Let y = 27 + -21. Let j(a) = y*i(a) - 5*l(a). Give j(5).
-6
Suppose 0 = -14*t + 10*t + 20. Let l(a) = -a - 1. Calculate l(t).
-6
Let f be 3 + -1 + (4 - -1). Let y(a) = -f*a + 1 + 15*a - a. What is y(1)?
8
Let c = 27 - 20. Let x(a) = -a**3 + 7*a**2 + a - 7. Give x(c).
0
Let q(n) = n**2 - 6*n - 2. Suppose -2*d + 3*z - 22 = 4*z, 5*d - 3*z = -66. Let r = -6 - d. Give q(r).
-2
Let q(s) = -s**3 + 3*s**2 - s - 6. Let r(b) = b**3 - 2*b**2 + b + 5. Let h(x) = 4*q(x) + 5*r(x). Calculate h(-2).
-1
Let j(g) = 2*g**3 - 2*g**2 - g - 1. Let d be (8/16)/(1/16). Let t = -6 + d. What is j(t)?
5
Let b be (-10)/(-3) - (-2)/(-6). Let o(q) be the first derivative of -q**3/2 + 2*q**2 + 2*q + 5. Let f(d) be the first derivative of o(d). Determine f(b).
-5
Suppose -5*i - 5*n = -25, 5*n - 3*n = -3*i + 11. Let x(o) = -2*o. Calculate x(i).
-2
Suppose -3*r = v + 1 - 6, 5*r - 3*v + 15 = 0. Let m(j) = -j**2 - j + 4. Give m(r).
4
Let d(s) = s**3 - 4*s**2 - 3*s + 2. Suppose 0 = 7*y - 5*y. Let a be 36/9 + 0 + y. Calculate d(a).
-10
Let w(x) = x**3 - 3*x**2 + 5*x - 3. Suppose 18*o = 26 + 28. Determine w(o).
12
Let t(i) = -i. Let f(w) = 10*w. Let a(c) = -2*f(c) - 18*t(c). Let u be a(-1). Let v be 3*u*3/18. Let o(m) = 2*m**2 + 1. What is o(v)?
3
Let z(i) = 0*i - 6*i**2 + 6 - i + 3*i + i**3 + 2*i. What is z(5)?
1
Let y = -4 + 6. Let o be 5 - 0/y - 1. Let j = o + -6. Let r(m) = m**3 + 2*m**2 - m - 2. Determine r(j).
0
Let a be 2 + (2/2 - -3). Let u be ((-8)/(-12))/(a/(-45)). Let j(f) = -f - 5. Calculate j(u).
0
Let n(a) = -a**3 + 6*a**2 - 4*a + 1. Let b = -10 + 15. Let y = 10 - b. What is n(y)?
6
Let b(h) = -h - 3. Let t be b(-5). Let n be t/(-6)*(-26 + -7). Suppose 0*s - 2*s + w = -n, 2*s - 7 = -3*w. Let m(l) = l**2 - 5*l + 4. Calculate m(s).
4
Let q(a) = 2*a**2 + a + 1. Let w = 12 - 6. Suppose 4*t - t = -w. Give q(t).
7
Let s(q) = 7 + q**3 + 9*q**2 + q**3 - 9*q - 3*q**3. Calculate s(8).
-1
Let q(k) be the third derivative of -k**5/60 + k**4/24 - k**3/3 + k**2 + 17. Give q(0).
-2
Suppose -3*n + 2 = a, -2*n + 6*n = a + 12. Let x(j) = -2*j**2 + 2 - 23*j + j**2 + 26*j. Give x(n).
4
Let b be -1 + (0 + 0 - -4). Let m(v) = 1 - b*v + 0*v + 2*v. Calculate m(3).
-2
Let y(k) = k**2 + 0*k**2 - 645*k + 648*k. Give y(-4).
4
Let w(b) be the third derivative of -5*b**4/12 + b**3/6 + 11*b**2. Calculate w(-1).
11
Let d(i) be the first derivative of -i**4/4 + 2*i**3 - 3*i**2 + 5*i + 9. Giv